{"id":2443,"date":"2021-07-16T17:52:34","date_gmt":"2021-07-16T15:52:34","guid":{"rendered":"https:\/\/klimaneutral2035.de\/?post_type=tribe_events&#038;p=2443"},"modified":"2021-08-27T09:19:53","modified_gmt":"2021-08-27T07:19:53","slug":"1-klimatag-neubiberg","status":"publish","type":"tribe_events","link":"https:\/\/klimaneutral2035.de\/en\/event\/1-klimatag-neubiberg\/","title":{"rendered":"1. Klimatag Neubiberg"},"content":{"rendered":"<p><strong>Gemeinsam gegen die Klimakrise: Breites B\u00fcndnis l\u00e4dt zum 1. Klimatag Neubiberg ein<\/strong><\/p>\n<p>Wie bekomme ich einen \u00dcberblick, welche Gruppen sich lokal f\u00fcr den Klimaschutz engagieren? Was kann ich selbst zum Klimaschutz beitragen? Konkrete Tipps sowie hilfreiche Informationen zu F\u00f6rderm\u00f6glichkeiten erwarten B\u00fcrgerinnen und B\u00fcrger beim ersten Neubiberger Klimatag am 18. September 2021 von 10 bis 14 Uhr.<\/p>\n<p>Lokale Initiativen, Vereine und Organisationen, die sich aktiv im Klimaschutz engagieren, stellen sich vor und freuen sich auf einen regen Austausch mit Interessierten.<br \/>\nBeim selbstverst\u00e4ndlich Corona-konform organisierten Klimatag k\u00f6nnen sich Neubiberger*innen beispielsweise \u00fcber Mini-Solaranlagen, Solarthermie, Ern\u00e4hrung, Carund Lastenfahrrad-Sharing oder F\u00f6rderm\u00f6glichkeiten informieren. Interessante MitmachAktionen, eine Kinderrallye sowie die M\u00f6glichkeit, sich bei einem Getr\u00e4nk zu unterhalten, runden einen gelungenen Tag ab.<\/p>\n<p>Der erste Neubiberger Klimatag geht auf die auf Initiative der GR\u00dcNEN Neubiberg zur\u00fcck. Am Rathaus mit von der Partie sind: Neubiberg for Future, Klimaneutral 2035 Neubiberg, Carsharing Immermobil, Fridays for Future \/ Parents for Future, BUND Naturschutz Ortsgruppe Ottobrunn-Neubiberg-Hohenbrunn-Putzbrunn, ADFC Landkreis, Energiegenossenschaft Hohenbrunn-Riemerling.<\/p>","protected":false},"excerpt":{"rendered":"<p>Gemeinsam gegen die Klimakrise: Breites B\u00fcndnis l\u00e4dt zum 1. Klimatag Neubiberg ein Wie bekomme ich einen \u00dcberblick, welche Gruppen sich lokal f\u00fcr den Klimaschutz engagieren? Was kann ich selbst zum Klimaschutz beitragen? Konkrete Tipps sowie hilfreiche Informationen zu F\u00f6rderm\u00f6glichkeiten erwarten B\u00fcrgerinnen und B\u00fcrger beim ersten Neubiberger Klimatag am 18. September [&hellip;]<\/p>\n","protected":false},"author":1,"featured_media":2444,"template":"","meta":{"_tribe_events_status":"","_tribe_events_status_reason":"","footnotes":""},"tags":[],"tribe_events_cat":[],"class_list":["post-2443","tribe_events","type-tribe_events","status-publish","has-post-thumbnail","hentry"],"yoast_head":"<!-- This site is optimized with the Yoast SEO plugin v27.4 - https:\/\/yoast.com\/product\/yoast-seo-wordpress\/ -->\n<title>1. Klimatag Neubiberg - Klimaneutral 2035<\/title>\n<meta name=\"robots\" content=\"index, follow, max-snippet:-1, max-image-preview:large, max-video-preview:-1\" \/>\n<link rel=\"canonical\" href=\"https:\/\/klimaneutral2035.de\/en\/event\/1-klimatag-neubiberg\/\" \/>\n<meta property=\"og:locale\" content=\"en_US\" \/>\n<meta property=\"og:type\" content=\"article\" \/>\n<meta property=\"og:title\" content=\"1. Klimatag Neubiberg - Klimaneutral 2035\" \/>\n<meta property=\"og:description\" content=\"Gemeinsam gegen die Klimakrise: Breites B\u00fcndnis l\u00e4dt zum 1. Klimatag Neubiberg ein Wie bekomme ich einen \u00dcberblick, welche Gruppen sich lokal f\u00fcr den Klimaschutz engagieren? Was kann ich selbst zum Klimaschutz beitragen? Konkrete Tipps sowie hilfreiche Informationen zu F\u00f6rderm\u00f6glichkeiten erwarten B\u00fcrgerinnen und B\u00fcrger beim ersten Neubiberger Klimatag am 18. September [&hellip;]\" \/>\n<meta property=\"og:url\" content=\"https:\/\/klimaneutral2035.de\/en\/event\/1-klimatag-neubiberg\/\" \/>\n<meta property=\"og:site_name\" content=\"Klimaneutral 2035\" \/>\n<meta property=\"article:publisher\" content=\"https:\/\/www.facebook.com\/Klimaneutral-2035\" \/>\n<meta property=\"article:modified_time\" content=\"2021-08-27T07:19:53+00:00\" \/>\n<meta property=\"og:image\" content=\"https:\/\/klimaneutral2035.de\/wp-content\/uploads\/Klimatag.png\" \/>\n\t<meta property=\"og:image:width\" content=\"605\" \/>\n\t<meta property=\"og:image:height\" content=\"396\" \/>\n\t<meta property=\"og:image:type\" content=\"image\/png\" \/>\n<meta name=\"twitter:card\" content=\"summary_large_image\" \/>\n<meta name=\"twitter:site\" content=\"@Klimaneutral35\" \/>\n<meta name=\"twitter:label1\" content=\"Est. reading time\" \/>\n\t<meta name=\"twitter:data1\" content=\"1 minute\" \/>\n<script type=\"application\/ld+json\" class=\"yoast-schema-graph\">{\"@context\":\"https:\\\/\\\/schema.org\",\"@graph\":[{\"@type\":\"WebPage\",\"@id\":\"https:\\\/\\\/klimaneutral2035.de\\\/event\\\/1-klimatag-neubiberg\\\/\",\"url\":\"https:\\\/\\\/klimaneutral2035.de\\\/event\\\/1-klimatag-neubiberg\\\/\",\"name\":\"1. Klimatag Neubiberg - Klimaneutral 2035\",\"isPartOf\":{\"@id\":\"https:\\\/\\\/klimaneutral2035.de\\\/#website\"},\"primaryImageOfPage\":{\"@id\":\"https:\\\/\\\/klimaneutral2035.de\\\/event\\\/1-klimatag-neubiberg\\\/#primaryimage\"},\"image\":{\"@id\":\"https:\\\/\\\/klimaneutral2035.de\\\/event\\\/1-klimatag-neubiberg\\\/#primaryimage\"},\"thumbnailUrl\":\"https:\\\/\\\/klimaneutral2035.de\\\/wp-content\\\/uploads\\\/Klimatag.png\",\"datePublished\":\"2021-07-16T15:52:34+00:00\",\"dateModified\":\"2021-08-27T07:19:53+00:00\",\"breadcrumb\":{\"@id\":\"https:\\\/\\\/klimaneutral2035.de\\\/event\\\/1-klimatag-neubiberg\\\/#breadcrumb\"},\"inLanguage\":\"en-US\",\"potentialAction\":[{\"@type\":\"ReadAction\",\"target\":[\"https:\\\/\\\/klimaneutral2035.de\\\/event\\\/1-klimatag-neubiberg\\\/\"]}]},{\"@type\":\"ImageObject\",\"inLanguage\":\"en-US\",\"@id\":\"https:\\\/\\\/klimaneutral2035.de\\\/event\\\/1-klimatag-neubiberg\\\/#primaryimage\",\"url\":\"https:\\\/\\\/klimaneutral2035.de\\\/wp-content\\\/uploads\\\/Klimatag.png\",\"contentUrl\":\"https:\\\/\\\/klimaneutral2035.de\\\/wp-content\\\/uploads\\\/Klimatag.png\",\"width\":605,\"height\":396},{\"@type\":\"BreadcrumbList\",\"@id\":\"https:\\\/\\\/klimaneutral2035.de\\\/event\\\/1-klimatag-neubiberg\\\/#breadcrumb\",\"itemListElement\":[{\"@type\":\"ListItem\",\"position\":1,\"name\":\"Startseite\",\"item\":\"https:\\\/\\\/klimaneutral2035.de\\\/\"},{\"@type\":\"ListItem\",\"position\":2,\"name\":\"Veranstaltungen\",\"item\":\"https:\\\/\\\/klimaneutral2035.de\\\/events\\\/\"},{\"@type\":\"ListItem\",\"position\":3,\"name\":\"1. Klimatag Neubiberg\"}]},{\"@type\":\"WebSite\",\"@id\":\"https:\\\/\\\/klimaneutral2035.de\\\/#website\",\"url\":\"https:\\\/\\\/klimaneutral2035.de\\\/\",\"name\":\"Klimaneutral 2035\",\"description\":\"Eine Initiative f\u00fcr Neubiberg\",\"publisher\":{\"@id\":\"https:\\\/\\\/klimaneutral2035.de\\\/#organization\"},\"potentialAction\":[{\"@type\":\"SearchAction\",\"target\":{\"@type\":\"EntryPoint\",\"urlTemplate\":\"https:\\\/\\\/klimaneutral2035.de\\\/?s={search_term_string}\"},\"query-input\":{\"@type\":\"PropertyValueSpecification\",\"valueRequired\":true,\"valueName\":\"search_term_string\"}}],\"inLanguage\":\"en-US\"},{\"@type\":\"Organization\",\"@id\":\"https:\\\/\\\/klimaneutral2035.de\\\/#organization\",\"name\":\"Klimaneutral 2035\",\"url\":\"https:\\\/\\\/klimaneutral2035.de\\\/\",\"logo\":{\"@type\":\"ImageObject\",\"inLanguage\":\"en-US\",\"@id\":\"https:\\\/\\\/klimaneutral2035.de\\\/#\\\/schema\\\/logo\\\/image\\\/\",\"url\":\"https:\\\/\\\/klimaneutral2035.de\\\/wp-content\\\/uploads\\\/cropped-favicon.png\",\"contentUrl\":\"https:\\\/\\\/klimaneutral2035.de\\\/wp-content\\\/uploads\\\/cropped-favicon.png\",\"width\":512,\"height\":512,\"caption\":\"Klimaneutral 2035\"},\"image\":{\"@id\":\"https:\\\/\\\/klimaneutral2035.de\\\/#\\\/schema\\\/logo\\\/image\\\/\"},\"sameAs\":[\"https:\\\/\\\/www.facebook.com\\\/Klimaneutral-2035\",\"https:\\\/\\\/x.com\\\/Klimaneutral35\",\"https:\\\/\\\/www.instagram.com\\\/klimaneutral_2035\"]}]}<\/script>\n<!-- \/ Yoast SEO plugin. -->","yoast_head_json":{"title":"1. Klimatag Neubiberg - Klimaneutral 2035","robots":{"index":"index","follow":"follow","max-snippet":"max-snippet:-1","max-image-preview":"max-image-preview:large","max-video-preview":"max-video-preview:-1"},"canonical":"https:\/\/klimaneutral2035.de\/en\/event\/1-klimatag-neubiberg\/","og_locale":"en_US","og_type":"article","og_title":"1. Klimatag Neubiberg - Klimaneutral 2035","og_description":"Gemeinsam gegen die Klimakrise: Breites B\u00fcndnis l\u00e4dt zum 1. Klimatag Neubiberg ein Wie bekomme ich einen \u00dcberblick, welche Gruppen sich lokal f\u00fcr den Klimaschutz engagieren? Was kann ich selbst zum Klimaschutz beitragen? Konkrete Tipps sowie hilfreiche Informationen zu F\u00f6rderm\u00f6glichkeiten erwarten B\u00fcrgerinnen und B\u00fcrger beim ersten Neubiberger Klimatag am 18. September [&hellip;]","og_url":"https:\/\/klimaneutral2035.de\/en\/event\/1-klimatag-neubiberg\/","og_site_name":"Klimaneutral 2035","article_publisher":"https:\/\/www.facebook.com\/Klimaneutral-2035","article_modified_time":"2021-08-27T07:19:53+00:00","og_image":[{"width":605,"height":396,"url":"https:\/\/klimaneutral2035.de\/wp-content\/uploads\/Klimatag.png","type":"image\/png"}],"twitter_card":"summary_large_image","twitter_site":"@Klimaneutral35","twitter_misc":{"Est. reading time":"1 minute"},"schema":{"@context":"https:\/\/schema.org","@graph":[{"@type":"WebPage","@id":"https:\/\/klimaneutral2035.de\/event\/1-klimatag-neubiberg\/","url":"https:\/\/klimaneutral2035.de\/event\/1-klimatag-neubiberg\/","name":"1. Klimatag Neubiberg - Klimaneutral 2035","isPartOf":{"@id":"https:\/\/klimaneutral2035.de\/#website"},"primaryImageOfPage":{"@id":"https:\/\/klimaneutral2035.de\/event\/1-klimatag-neubiberg\/#primaryimage"},"image":{"@id":"https:\/\/klimaneutral2035.de\/event\/1-klimatag-neubiberg\/#primaryimage"},"thumbnailUrl":"https:\/\/klimaneutral2035.de\/wp-content\/uploads\/Klimatag.png","datePublished":"2021-07-16T15:52:34+00:00","dateModified":"2021-08-27T07:19:53+00:00","breadcrumb":{"@id":"https:\/\/klimaneutral2035.de\/event\/1-klimatag-neubiberg\/#breadcrumb"},"inLanguage":"en-US","potentialAction":[{"@type":"ReadAction","target":["https:\/\/klimaneutral2035.de\/event\/1-klimatag-neubiberg\/"]}]},{"@type":"ImageObject","inLanguage":"en-US","@id":"https:\/\/klimaneutral2035.de\/event\/1-klimatag-neubiberg\/#primaryimage","url":"https:\/\/klimaneutral2035.de\/wp-content\/uploads\/Klimatag.png","contentUrl":"https:\/\/klimaneutral2035.de\/wp-content\/uploads\/Klimatag.png","width":605,"height":396},{"@type":"BreadcrumbList","@id":"https:\/\/klimaneutral2035.de\/event\/1-klimatag-neubiberg\/#breadcrumb","itemListElement":[{"@type":"ListItem","position":1,"name":"Startseite","item":"https:\/\/klimaneutral2035.de\/"},{"@type":"ListItem","position":2,"name":"Veranstaltungen","item":"https:\/\/klimaneutral2035.de\/events\/"},{"@type":"ListItem","position":3,"name":"1. Klimatag Neubiberg"}]},{"@type":"WebSite","@id":"https:\/\/klimaneutral2035.de\/#website","url":"https:\/\/klimaneutral2035.de\/","name":"Klimaneutral 2035","description":"Eine Initiative f\u00fcr Neubiberg","publisher":{"@id":"https:\/\/klimaneutral2035.de\/#organization"},"potentialAction":[{"@type":"SearchAction","target":{"@type":"EntryPoint","urlTemplate":"https:\/\/klimaneutral2035.de\/?s={search_term_string}"},"query-input":{"@type":"PropertyValueSpecification","valueRequired":true,"valueName":"search_term_string"}}],"inLanguage":"en-US"},{"@type":"Organization","@id":"https:\/\/klimaneutral2035.de\/#organization","name":"Klimaneutral 2035","url":"https:\/\/klimaneutral2035.de\/","logo":{"@type":"ImageObject","inLanguage":"en-US","@id":"https:\/\/klimaneutral2035.de\/#\/schema\/logo\/image\/","url":"https:\/\/klimaneutral2035.de\/wp-content\/uploads\/cropped-favicon.png","contentUrl":"https:\/\/klimaneutral2035.de\/wp-content\/uploads\/cropped-favicon.png","width":512,"height":512,"caption":"Klimaneutral 2035"},"image":{"@id":"https:\/\/klimaneutral2035.de\/#\/schema\/logo\/image\/"},"sameAs":["https:\/\/www.facebook.com\/Klimaneutral-2035","https:\/\/x.com\/Klimaneutral35","https:\/\/www.instagram.com\/klimaneutral_2035"]}]}},"_links":{"self":[{"href":"https:\/\/klimaneutral2035.de\/en\/wp-json\/wp\/v2\/tribe_events\/2443","targetHints":{"allow":["GET"]}}],"collection":[{"href":"https:\/\/klimaneutral2035.de\/en\/wp-json\/wp\/v2\/tribe_events"}],"about":[{"href":"https:\/\/klimaneutral2035.de\/en\/wp-json\/wp\/v2\/types\/tribe_events"}],"author":[{"embeddable":true,"href":"https:\/\/klimaneutral2035.de\/en\/wp-json\/wp\/v2\/users\/1"}],"version-history":[{"count":2,"href":"https:\/\/klimaneutral2035.de\/en\/wp-json\/wp\/v2\/tribe_events\/2443\/revisions"}],"predecessor-version":[{"id":2448,"href":"https:\/\/klimaneutral2035.de\/en\/wp-json\/wp\/v2\/tribe_events\/2443\/revisions\/2448"}],"wp:featuredmedia":[{"embeddable":true,"href":"https:\/\/klimaneutral2035.de\/en\/wp-json\/wp\/v2\/media\/2444"}],"wp:attachment":[{"href":"https:\/\/klimaneutral2035.de\/en\/wp-json\/wp\/v2\/media?parent=2443"}],"wp:term":[{"taxonomy":"post_tag","embeddable":true,"href":"https:\/\/klimaneutral2035.de\/en\/wp-json\/wp\/v2\/tags?post=2443"},{"taxonomy":"tribe_events_cat","embeddable":true,"href":"https:\/\/klimaneutral2035.de\/en\/wp-json\/wp\/v2\/tribe_events_cat?post=2443"}],"curies":[{"name":"wp","href":"https:\/\/api.w.org\/{rel}","templated":true}]}}

<p><strong>Gemeinsam gegen die Klimakrise: Breites Bündnis lädt zum 1. Klimatag Neubiberg ein</strong></p>
<p>Wie bekomme ich einen Überblick, welche Gruppen sich lokal für den Klimaschutz engagieren? Was kann ich selbst zum Klimaschutz beitragen? Konkrete Tipps sowie hilfreiche Informationen zu Fördermöglichkeiten erwarten Bürgerinnen und Bürger beim ersten Neubiberger Klimatag am 18. September 2021 von 10 bis 14 Uhr.</p>
<p>Lokale Initiativen, Vereine und Organisationen, die sich aktiv im Klimaschutz engagieren, stellen sich vor und freuen sich auf einen regen Austausch mit Interessierten.<br />
Beim selbstverständlich Corona-konform organisierten Klimatag können sich Neubiberger*innen beispielsweise über Mini-Solaranlagen, Solarthermie, Ernährung, Carund Lastenfahrrad-Sharing oder Fördermöglichkeiten informieren. Interessante MitmachAktionen, eine Kinderrallye sowie die Möglichkeit, sich bei einem Getränk zu unterhalten, runden einen gelungenen Tag ab.</p>
<p>Der erste Neubiberger Klimatag geht auf die auf Initiative der GRÜNEN Neubiberg zurück. Am Rathaus mit von der Partie sind: Neubiberg for Future, Klimaneutral 2035 Neubiberg, Carsharing Immermobil, Fridays for Future / Parents for Future, BUND Naturschutz Ortsgruppe Ottobrunn-Neubiberg-Hohenbrunn-Putzbrunn, ADFC Landkreis, Energiegenossenschaft Hohenbrunn-Riemerling.</p>

<p>Gemeinsam gegen die Klimakrise: Breites Bündnis lädt zum 1. Klimatag Neubiberg ein Wie bekomme ich einen Überblick, welche Gruppen sich lokal für den Klimaschutz engagieren? Was kann ich selbst zum Klimaschutz beitragen? Konkrete Tipps sowie hilfreiche Informationen zu Fördermöglichkeiten erwarten Bürgerinnen und Bürger beim ersten Neubiberger Klimatag am 18. September [&hellip;]</p>

<!-- This site is optimized with the Yoast SEO plugin v27.4 - https://yoast.com/product/yoast-seo-wordpress/ -->
<title>1. Klimatag Neubiberg - Klimaneutral 2035</title>
<meta name="robots" content="index, follow, max-snippet:-1, max-image-preview:large, max-video-preview:-1" />
<link rel="canonical" href="https://klimaneutral2035.de/en/event/1-klimatag-neubiberg/" />
<meta property="og:locale" content="en_US" />
<meta property="og:type" content="article" />
<meta property="og:title" content="1. Klimatag Neubiberg - Klimaneutral 2035" />
<meta property="og:description" content="Gemeinsam gegen die Klimakrise: Breites Bündnis lädt zum 1. Klimatag Neubiberg ein Wie bekomme ich einen Überblick, welche Gruppen sich lokal für den Klimaschutz engagieren? Was kann ich selbst zum Klimaschutz beitragen? Konkrete Tipps sowie hilfreiche Informationen zu Fördermöglichkeiten erwarten Bürgerinnen und Bürger beim ersten Neubiberger Klimatag am 18. September [&hellip;]" />
<meta property="og:url" content="https://klimaneutral2035.de/en/event/1-klimatag-neubiberg/" />
<meta property="og:site_name" content="Klimaneutral 2035" />
<meta property="article:publisher" content="https://www.facebook.com/Klimaneutral-2035" />
<meta property="article:modified_time" content="2021-08-27T07:19:53+00:00" />
<meta property="og:image" content="https://klimaneutral2035.de/wp-content/uploads/Klimatag.png" />
	<meta property="og:image:width" content="605" />
	<meta property="og:image:height" content="396" />
	<meta property="og:image:type" content="image/png" />
<meta name="twitter:card" content="summary_large_image" />
<meta name="twitter:site" content="@Klimaneutral35" />
<meta name="twitter:label1" content="Est. reading time" />
	<meta name="twitter:data1" content="1 minute" />
<script type="application/ld+json" class="yoast-schema-graph">{"@context":"https:\/\/schema.org","@graph":[{"@type":"WebPage","@id":"https:\/\/klimaneutral2035.de\/event\/1-klimatag-neubiberg\/","url":"https:\/\/klimaneutral2035.de\/event\/1-klimatag-neubiberg\/","name":"1. Klimatag Neubiberg - Klimaneutral 2035","isPartOf":{"@id":"https:\/\/klimaneutral2035.de\/#website"},"primaryImageOfPage":{"@id":"https:\/\/klimaneutral2035.de\/event\/1-klimatag-neubiberg\/#primaryimage"},"image":{"@id":"https:\/\/klimaneutral2035.de\/event\/1-klimatag-neubiberg\/#primaryimage"},"thumbnailUrl":"https:\/\/klimaneutral2035.de\/wp-content\/uploads\/Klimatag.png","datePublished":"2021-07-16T15:52:34+00:00","dateModified":"2021-08-27T07:19:53+00:00","breadcrumb":{"@id":"https:\/\/klimaneutral2035.de\/event\/1-klimatag-neubiberg\/#breadcrumb"},"inLanguage":"en-US","potentialAction":[{"@type":"ReadAction","target":["https:\/\/klimaneutral2035.de\/event\/1-klimatag-neubiberg\/"]}]},{"@type":"ImageObject","inLanguage":"en-US","@id":"https:\/\/klimaneutral2035.de\/event\/1-klimatag-neubiberg\/#primaryimage","url":"https:\/\/klimaneutral2035.de\/wp-content\/uploads\/Klimatag.png","contentUrl":"https:\/\/klimaneutral2035.de\/wp-content\/uploads\/Klimatag.png","width":605,"height":396},{"@type":"BreadcrumbList","@id":"https:\/\/klimaneutral2035.de\/event\/1-klimatag-neubiberg\/#breadcrumb","itemListElement":[{"@type":"ListItem","position":1,"name":"Startseite","item":"https:\/\/klimaneutral2035.de\/"},{"@type":"ListItem","position":2,"name":"Veranstaltungen","item":"https:\/\/klimaneutral2035.de\/events\/"},{"@type":"ListItem","position":3,"name":"1. Klimatag Neubiberg"}]},{"@type":"WebSite","@id":"https:\/\/klimaneutral2035.de\/#website","url":"https:\/\/klimaneutral2035.de\/","name":"Klimaneutral 2035","description":"Eine Initiative für Neubiberg","publisher":{"@id":"https:\/\/klimaneutral2035.de\/#organization"},"potentialAction":[{"@type":"SearchAction","target":{"@type":"EntryPoint","urlTemplate":"https:\/\/klimaneutral2035.de\/?s={search_term_string}"},"query-input":{"@type":"PropertyValueSpecification","valueRequired":true,"valueName":"search_term_string"}}],"inLanguage":"en-US"},{"@type":"Organization","@id":"https:\/\/klimaneutral2035.de\/#organization","name":"Klimaneutral 2035","url":"https:\/\/klimaneutral2035.de\/","logo":{"@type":"ImageObject","inLanguage":"en-US","@id":"https:\/\/klimaneutral2035.de\/#\/schema\/logo\/image\/","url":"https:\/\/klimaneutral2035.de\/wp-content\/uploads\/cropped-favicon.png","contentUrl":"https:\/\/klimaneutral2035.de\/wp-content\/uploads\/cropped-favicon.png","width":512,"height":512,"caption":"Klimaneutral 2035"},"image":{"@id":"https:\/\/klimaneutral2035.de\/#\/schema\/logo\/image\/"},"sameAs":["https:\/\/www.facebook.com\/Klimaneutral-2035","https:\/\/x.com\/Klimaneutral35","https:\/\/www.instagram.com\/klimaneutral_2035"]}]}</script>
<!-- / Yoast SEO plugin. -->

Gemeinsam gegen die Klimakrise: Breites Bündnis lädt zum 1. Klimatag Neubiberg ein Wie bekomme ich einen Überblick, welche Gruppen sich lokal für den Klimaschutz engagieren? Was kann ich selbst zum Klimaschutz beitragen? Konkrete Tipps sowie hilfreiche Informationen zu Fördermöglichkeiten erwarten Bürgerinnen und Bürger beim ersten Neubiberger Klimatag am 18. September [&hellip;]

Eine Initiative für Neubiberg
