{"id":4906,"date":"2024-10-24T19:52:40","date_gmt":"2024-10-24T17:52:40","guid":{"rendered":"https:\/\/klimaneutral2035.de\/?post_type=tribe_events&#038;p=4906"},"modified":"2024-10-24T19:52:40","modified_gmt":"2024-10-24T17:52:40","slug":"neubiberg-for-future-stellt-sich-vor","status":"publish","type":"tribe_events","link":"https:\/\/klimaneutral2035.de\/en\/event\/neubiberg-for-future-stellt-sich-vor\/","title":{"rendered":"Neubiberg for Future stellt sich vor"},"content":{"rendered":"<div>\n<h2>Lerne die Ideenwerkstatt zu Umwelt, Natur, Klima und Fairtrade kennen<\/h2>\n<p>Die parteiunabh\u00e4ngige Initiative, die 2022 den Zukunftspreis des Landkreises M\u00fcnchen und 2023 den Umweltpreis der Gemeinde Neubiberg erhalten hat, versteht sich als Plattform f\u00fcr alle, die sich vor Ort f\u00fcr Klimaschutz, intakte Umwelt, faires und soziales Wirtschaften engagieren m\u00f6chten.<\/p>\n<p>Die Arbeitsgruppen stellen ihre laufenden Projekte vor. Lassen Sie sich inspirieren, lernen Sie Gleichgesinnte kennen und nutzen Sie die Gelegenheit, Ihr Umfeld aktiv mitzugestalten.<\/p>\n<\/div>","protected":false},"excerpt":{"rendered":"<p>Lerne die Ideenwerkstatt zu Umwelt, Natur, Klima und Fairtrade kennen Die parteiunabh\u00e4ngige Initiative, die 2022 den Zukunftspreis des Landkreises M\u00fcnchen und 2023 den Umweltpreis der Gemeinde Neubiberg erhalten hat, versteht sich als Plattform f\u00fcr alle, die sich vor Ort f\u00fcr Klimaschutz, intakte Umwelt, faires und soziales Wirtschaften engagieren m\u00f6chten. Die [&hellip;]<\/p>\n","protected":false},"author":7,"featured_media":0,"template":"","meta":{"_tribe_events_status":"","_tribe_events_status_reason":"","footnotes":""},"tags":[],"tribe_events_cat":[],"class_list":["post-4906","tribe_events","type-tribe_events","status-publish","hentry"],"yoast_head":"<!-- This site is optimized with the Yoast SEO plugin v27.5 - https:\/\/yoast.com\/product\/yoast-seo-wordpress\/ -->\n<title>Neubiberg for Future stellt sich vor - Klimaneutral 2035<\/title>\n<meta name=\"robots\" content=\"index, follow, max-snippet:-1, max-image-preview:large, max-video-preview:-1\" \/>\n<link rel=\"canonical\" href=\"https:\/\/klimaneutral2035.de\/en\/event\/neubiberg-for-future-stellt-sich-vor\/\" \/>\n<meta property=\"og:locale\" content=\"en_US\" \/>\n<meta property=\"og:type\" content=\"article\" \/>\n<meta property=\"og:title\" content=\"Neubiberg for Future stellt sich vor - Klimaneutral 2035\" \/>\n<meta property=\"og:description\" content=\"Lerne die Ideenwerkstatt zu Umwelt, Natur, Klima und Fairtrade kennen Die parteiunabh\u00e4ngige Initiative, die 2022 den Zukunftspreis des Landkreises M\u00fcnchen und 2023 den Umweltpreis der Gemeinde Neubiberg erhalten hat, versteht sich als Plattform f\u00fcr alle, die sich vor Ort f\u00fcr Klimaschutz, intakte Umwelt, faires und soziales Wirtschaften engagieren m\u00f6chten. Die [&hellip;]\" \/>\n<meta property=\"og:url\" content=\"https:\/\/klimaneutral2035.de\/en\/event\/neubiberg-for-future-stellt-sich-vor\/\" \/>\n<meta property=\"og:site_name\" content=\"Klimaneutral 2035\" \/>\n<meta property=\"article:publisher\" content=\"https:\/\/www.facebook.com\/Klimaneutral-2035\" \/>\n<meta name=\"twitter:card\" content=\"summary_large_image\" \/>\n<meta name=\"twitter:site\" content=\"@Klimaneutral35\" \/>\n<meta name=\"twitter:label1\" content=\"Est. reading time\" \/>\n\t<meta name=\"twitter:data1\" content=\"1 minute\" \/>\n<script type=\"application\/ld+json\" class=\"yoast-schema-graph\">{\"@context\":\"https:\\\/\\\/schema.org\",\"@graph\":[{\"@type\":\"WebPage\",\"@id\":\"https:\\\/\\\/klimaneutral2035.de\\\/event\\\/neubiberg-for-future-stellt-sich-vor\\\/\",\"url\":\"https:\\\/\\\/klimaneutral2035.de\\\/event\\\/neubiberg-for-future-stellt-sich-vor\\\/\",\"name\":\"Neubiberg for Future stellt sich vor - Klimaneutral 2035\",\"isPartOf\":{\"@id\":\"https:\\\/\\\/klimaneutral2035.de\\\/#website\"},\"datePublished\":\"2024-10-24T17:52:40+00:00\",\"breadcrumb\":{\"@id\":\"https:\\\/\\\/klimaneutral2035.de\\\/event\\\/neubiberg-for-future-stellt-sich-vor\\\/#breadcrumb\"},\"inLanguage\":\"en-US\",\"potentialAction\":[{\"@type\":\"ReadAction\",\"target\":[\"https:\\\/\\\/klimaneutral2035.de\\\/event\\\/neubiberg-for-future-stellt-sich-vor\\\/\"]}]},{\"@type\":\"BreadcrumbList\",\"@id\":\"https:\\\/\\\/klimaneutral2035.de\\\/event\\\/neubiberg-for-future-stellt-sich-vor\\\/#breadcrumb\",\"itemListElement\":[{\"@type\":\"ListItem\",\"position\":1,\"name\":\"Startseite\",\"item\":\"https:\\\/\\\/klimaneutral2035.de\\\/\"},{\"@type\":\"ListItem\",\"position\":2,\"name\":\"Veranstaltungen\",\"item\":\"https:\\\/\\\/klimaneutral2035.de\\\/events\\\/\"},{\"@type\":\"ListItem\",\"position\":3,\"name\":\"Neubiberg for Future stellt sich vor\"}]},{\"@type\":\"WebSite\",\"@id\":\"https:\\\/\\\/klimaneutral2035.de\\\/#website\",\"url\":\"https:\\\/\\\/klimaneutral2035.de\\\/\",\"name\":\"Klimaneutral 2035\",\"description\":\"Eine Initiative f\u00fcr Neubiberg\",\"publisher\":{\"@id\":\"https:\\\/\\\/klimaneutral2035.de\\\/#organization\"},\"potentialAction\":[{\"@type\":\"SearchAction\",\"target\":{\"@type\":\"EntryPoint\",\"urlTemplate\":\"https:\\\/\\\/klimaneutral2035.de\\\/?s={search_term_string}\"},\"query-input\":{\"@type\":\"PropertyValueSpecification\",\"valueRequired\":true,\"valueName\":\"search_term_string\"}}],\"inLanguage\":\"en-US\"},{\"@type\":\"Organization\",\"@id\":\"https:\\\/\\\/klimaneutral2035.de\\\/#organization\",\"name\":\"Klimaneutral 2035\",\"url\":\"https:\\\/\\\/klimaneutral2035.de\\\/\",\"logo\":{\"@type\":\"ImageObject\",\"inLanguage\":\"en-US\",\"@id\":\"https:\\\/\\\/klimaneutral2035.de\\\/#\\\/schema\\\/logo\\\/image\\\/\",\"url\":\"https:\\\/\\\/klimaneutral2035.de\\\/wp-content\\\/uploads\\\/cropped-favicon.png\",\"contentUrl\":\"https:\\\/\\\/klimaneutral2035.de\\\/wp-content\\\/uploads\\\/cropped-favicon.png\",\"width\":512,\"height\":512,\"caption\":\"Klimaneutral 2035\"},\"image\":{\"@id\":\"https:\\\/\\\/klimaneutral2035.de\\\/#\\\/schema\\\/logo\\\/image\\\/\"},\"sameAs\":[\"https:\\\/\\\/www.facebook.com\\\/Klimaneutral-2035\",\"https:\\\/\\\/x.com\\\/Klimaneutral35\",\"https:\\\/\\\/www.instagram.com\\\/klimaneutral_2035\"]}]}<\/script>\n<!-- \/ Yoast SEO plugin. -->","yoast_head_json":{"title":"Neubiberg for Future stellt sich vor - Klimaneutral 2035","robots":{"index":"index","follow":"follow","max-snippet":"max-snippet:-1","max-image-preview":"max-image-preview:large","max-video-preview":"max-video-preview:-1"},"canonical":"https:\/\/klimaneutral2035.de\/en\/event\/neubiberg-for-future-stellt-sich-vor\/","og_locale":"en_US","og_type":"article","og_title":"Neubiberg for Future stellt sich vor - Klimaneutral 2035","og_description":"Lerne die Ideenwerkstatt zu Umwelt, Natur, Klima und Fairtrade kennen Die parteiunabh\u00e4ngige Initiative, die 2022 den Zukunftspreis des Landkreises M\u00fcnchen und 2023 den Umweltpreis der Gemeinde Neubiberg erhalten hat, versteht sich als Plattform f\u00fcr alle, die sich vor Ort f\u00fcr Klimaschutz, intakte Umwelt, faires und soziales Wirtschaften engagieren m\u00f6chten. Die [&hellip;]","og_url":"https:\/\/klimaneutral2035.de\/en\/event\/neubiberg-for-future-stellt-sich-vor\/","og_site_name":"Klimaneutral 2035","article_publisher":"https:\/\/www.facebook.com\/Klimaneutral-2035","twitter_card":"summary_large_image","twitter_site":"@Klimaneutral35","twitter_misc":{"Est. reading time":"1 minute"},"schema":{"@context":"https:\/\/schema.org","@graph":[{"@type":"WebPage","@id":"https:\/\/klimaneutral2035.de\/event\/neubiberg-for-future-stellt-sich-vor\/","url":"https:\/\/klimaneutral2035.de\/event\/neubiberg-for-future-stellt-sich-vor\/","name":"Neubiberg for Future stellt sich vor - Klimaneutral 2035","isPartOf":{"@id":"https:\/\/klimaneutral2035.de\/#website"},"datePublished":"2024-10-24T17:52:40+00:00","breadcrumb":{"@id":"https:\/\/klimaneutral2035.de\/event\/neubiberg-for-future-stellt-sich-vor\/#breadcrumb"},"inLanguage":"en-US","potentialAction":[{"@type":"ReadAction","target":["https:\/\/klimaneutral2035.de\/event\/neubiberg-for-future-stellt-sich-vor\/"]}]},{"@type":"BreadcrumbList","@id":"https:\/\/klimaneutral2035.de\/event\/neubiberg-for-future-stellt-sich-vor\/#breadcrumb","itemListElement":[{"@type":"ListItem","position":1,"name":"Startseite","item":"https:\/\/klimaneutral2035.de\/"},{"@type":"ListItem","position":2,"name":"Veranstaltungen","item":"https:\/\/klimaneutral2035.de\/events\/"},{"@type":"ListItem","position":3,"name":"Neubiberg for Future stellt sich vor"}]},{"@type":"WebSite","@id":"https:\/\/klimaneutral2035.de\/#website","url":"https:\/\/klimaneutral2035.de\/","name":"Klimaneutral 2035","description":"Eine Initiative f\u00fcr Neubiberg","publisher":{"@id":"https:\/\/klimaneutral2035.de\/#organization"},"potentialAction":[{"@type":"SearchAction","target":{"@type":"EntryPoint","urlTemplate":"https:\/\/klimaneutral2035.de\/?s={search_term_string}"},"query-input":{"@type":"PropertyValueSpecification","valueRequired":true,"valueName":"search_term_string"}}],"inLanguage":"en-US"},{"@type":"Organization","@id":"https:\/\/klimaneutral2035.de\/#organization","name":"Klimaneutral 2035","url":"https:\/\/klimaneutral2035.de\/","logo":{"@type":"ImageObject","inLanguage":"en-US","@id":"https:\/\/klimaneutral2035.de\/#\/schema\/logo\/image\/","url":"https:\/\/klimaneutral2035.de\/wp-content\/uploads\/cropped-favicon.png","contentUrl":"https:\/\/klimaneutral2035.de\/wp-content\/uploads\/cropped-favicon.png","width":512,"height":512,"caption":"Klimaneutral 2035"},"image":{"@id":"https:\/\/klimaneutral2035.de\/#\/schema\/logo\/image\/"},"sameAs":["https:\/\/www.facebook.com\/Klimaneutral-2035","https:\/\/x.com\/Klimaneutral35","https:\/\/www.instagram.com\/klimaneutral_2035"]}]}},"_links":{"self":[{"href":"https:\/\/klimaneutral2035.de\/en\/wp-json\/wp\/v2\/tribe_events\/4906","targetHints":{"allow":["GET"]}}],"collection":[{"href":"https:\/\/klimaneutral2035.de\/en\/wp-json\/wp\/v2\/tribe_events"}],"about":[{"href":"https:\/\/klimaneutral2035.de\/en\/wp-json\/wp\/v2\/types\/tribe_events"}],"author":[{"embeddable":true,"href":"https:\/\/klimaneutral2035.de\/en\/wp-json\/wp\/v2\/users\/7"}],"version-history":[{"count":1,"href":"https:\/\/klimaneutral2035.de\/en\/wp-json\/wp\/v2\/tribe_events\/4906\/revisions"}],"predecessor-version":[{"id":4907,"href":"https:\/\/klimaneutral2035.de\/en\/wp-json\/wp\/v2\/tribe_events\/4906\/revisions\/4907"}],"wp:attachment":[{"href":"https:\/\/klimaneutral2035.de\/en\/wp-json\/wp\/v2\/media?parent=4906"}],"wp:term":[{"taxonomy":"post_tag","embeddable":true,"href":"https:\/\/klimaneutral2035.de\/en\/wp-json\/wp\/v2\/tags?post=4906"},{"taxonomy":"tribe_events_cat","embeddable":true,"href":"https:\/\/klimaneutral2035.de\/en\/wp-json\/wp\/v2\/tribe_events_cat?post=4906"}],"curies":[{"name":"wp","href":"https:\/\/api.w.org\/{rel}","templated":true}]}}

<div>
<h2>Lerne die Ideenwerkstatt zu Umwelt, Natur, Klima und Fairtrade kennen</h2>
<p>Die parteiunabhängige Initiative, die 2022 den Zukunftspreis des Landkreises München und 2023 den Umweltpreis der Gemeinde Neubiberg erhalten hat, versteht sich als Plattform für alle, die sich vor Ort für Klimaschutz, intakte Umwelt, faires und soziales Wirtschaften engagieren möchten.</p>
<p>Die Arbeitsgruppen stellen ihre laufenden Projekte vor. Lassen Sie sich inspirieren, lernen Sie Gleichgesinnte kennen und nutzen Sie die Gelegenheit, Ihr Umfeld aktiv mitzugestalten.</p>
</div>

<p>Lerne die Ideenwerkstatt zu Umwelt, Natur, Klima und Fairtrade kennen Die parteiunabhängige Initiative, die 2022 den Zukunftspreis des Landkreises München und 2023 den Umweltpreis der Gemeinde Neubiberg erhalten hat, versteht sich als Plattform für alle, die sich vor Ort für Klimaschutz, intakte Umwelt, faires und soziales Wirtschaften engagieren möchten. Die [&hellip;]</p>

<!-- This site is optimized with the Yoast SEO plugin v27.5 - https://yoast.com/product/yoast-seo-wordpress/ -->
<title>Neubiberg for Future stellt sich vor - Klimaneutral 2035</title>
<meta name="robots" content="index, follow, max-snippet:-1, max-image-preview:large, max-video-preview:-1" />
<link rel="canonical" href="https://klimaneutral2035.de/en/event/neubiberg-for-future-stellt-sich-vor/" />
<meta property="og:locale" content="en_US" />
<meta property="og:type" content="article" />
<meta property="og:title" content="Neubiberg for Future stellt sich vor - Klimaneutral 2035" />
<meta property="og:description" content="Lerne die Ideenwerkstatt zu Umwelt, Natur, Klima und Fairtrade kennen Die parteiunabhängige Initiative, die 2022 den Zukunftspreis des Landkreises München und 2023 den Umweltpreis der Gemeinde Neubiberg erhalten hat, versteht sich als Plattform für alle, die sich vor Ort für Klimaschutz, intakte Umwelt, faires und soziales Wirtschaften engagieren möchten. Die [&hellip;]" />
<meta property="og:url" content="https://klimaneutral2035.de/en/event/neubiberg-for-future-stellt-sich-vor/" />
<meta property="og:site_name" content="Klimaneutral 2035" />
<meta property="article:publisher" content="https://www.facebook.com/Klimaneutral-2035" />
<meta name="twitter:card" content="summary_large_image" />
<meta name="twitter:site" content="@Klimaneutral35" />
<meta name="twitter:label1" content="Est. reading time" />
	<meta name="twitter:data1" content="1 minute" />
<script type="application/ld+json" class="yoast-schema-graph">{"@context":"https:\/\/schema.org","@graph":[{"@type":"WebPage","@id":"https:\/\/klimaneutral2035.de\/event\/neubiberg-for-future-stellt-sich-vor\/","url":"https:\/\/klimaneutral2035.de\/event\/neubiberg-for-future-stellt-sich-vor\/","name":"Neubiberg for Future stellt sich vor - Klimaneutral 2035","isPartOf":{"@id":"https:\/\/klimaneutral2035.de\/#website"},"datePublished":"2024-10-24T17:52:40+00:00","breadcrumb":{"@id":"https:\/\/klimaneutral2035.de\/event\/neubiberg-for-future-stellt-sich-vor\/#breadcrumb"},"inLanguage":"en-US","potentialAction":[{"@type":"ReadAction","target":["https:\/\/klimaneutral2035.de\/event\/neubiberg-for-future-stellt-sich-vor\/"]}]},{"@type":"BreadcrumbList","@id":"https:\/\/klimaneutral2035.de\/event\/neubiberg-for-future-stellt-sich-vor\/#breadcrumb","itemListElement":[{"@type":"ListItem","position":1,"name":"Startseite","item":"https:\/\/klimaneutral2035.de\/"},{"@type":"ListItem","position":2,"name":"Veranstaltungen","item":"https:\/\/klimaneutral2035.de\/events\/"},{"@type":"ListItem","position":3,"name":"Neubiberg for Future stellt sich vor"}]},{"@type":"WebSite","@id":"https:\/\/klimaneutral2035.de\/#website","url":"https:\/\/klimaneutral2035.de\/","name":"Klimaneutral 2035","description":"Eine Initiative für Neubiberg","publisher":{"@id":"https:\/\/klimaneutral2035.de\/#organization"},"potentialAction":[{"@type":"SearchAction","target":{"@type":"EntryPoint","urlTemplate":"https:\/\/klimaneutral2035.de\/?s={search_term_string}"},"query-input":{"@type":"PropertyValueSpecification","valueRequired":true,"valueName":"search_term_string"}}],"inLanguage":"en-US"},{"@type":"Organization","@id":"https:\/\/klimaneutral2035.de\/#organization","name":"Klimaneutral 2035","url":"https:\/\/klimaneutral2035.de\/","logo":{"@type":"ImageObject","inLanguage":"en-US","@id":"https:\/\/klimaneutral2035.de\/#\/schema\/logo\/image\/","url":"https:\/\/klimaneutral2035.de\/wp-content\/uploads\/cropped-favicon.png","contentUrl":"https:\/\/klimaneutral2035.de\/wp-content\/uploads\/cropped-favicon.png","width":512,"height":512,"caption":"Klimaneutral 2035"},"image":{"@id":"https:\/\/klimaneutral2035.de\/#\/schema\/logo\/image\/"},"sameAs":["https:\/\/www.facebook.com\/Klimaneutral-2035","https:\/\/x.com\/Klimaneutral35","https:\/\/www.instagram.com\/klimaneutral_2035"]}]}</script>
<!-- / Yoast SEO plugin. -->

Lerne die Ideenwerkstatt zu Umwelt, Natur, Klima und Fairtrade kennen Die parteiunabhängige Initiative, die 2022 den Zukunftspreis des Landkreises München und 2023 den Umweltpreis der Gemeinde Neubiberg erhalten hat, versteht sich als Plattform für alle, die sich vor Ort für Klimaschutz, intakte Umwelt, faires und soziales Wirtschaften engagieren möchten. Die [&hellip;]

Eine Initiative für Neubiberg
